Suppose 5*j + 17 = f*j. Calculate the remainder when h(8) is divided by j.
16
Let a(h) = 3*h - 2. Let d be a(2). Suppose -60 = -d*w + 3*w. Let l = 95 - w. What is the remainder when l is divided by 12?
11
Suppose -355 = -4*c + 117. Suppose c = 3*i + 40. What is the remainder when i is divided by 7?
5
Let o(r) = 14*r**2 - 4*r + 1. What is the remainder when 49 is divided by o(1)?
5
Let a(q) = -q**3 + 8*q**2 - 7*q + 4. Let m be 5/(10/6) + 4. Let g be a(m). Calculate the remainder when (-5 - -5) + (g - 1) is divided by 2.
1
Suppose 3*v = 2*v + 26. What is the remainder when v is divided by 15?
11
Suppose 0 = 2*m - 0*m + 24. Suppose 0*w + 15 = 3*s - 3*w, -2*s = 4*w - 34. What is the remainder when (102/m)/(1/(-2)) is divided by s?
8
Let a = -11 - -76. What is the remainder when a is divided by 17?
14
Let l = -20 - -31. Let f = -4 + l. Calculate the remainder when 13 is divided by f.
6
Let g(f) = 4*f - f - 1 - 8 + f. Let r be g(6). Suppose -5*l = r, -2*l - 16 = -c - 0*l. Calculate the remainder when c is divided by 6.
4
Let w(y) be the third derivative of -y**4/12 - 2*y**3 - y**2. Calculate the remainder when 15 is divided by w(-10).
7
Suppose 0 = -4*i - 4*n + 36, 2*n + 16 = -2*n. Calculate the remainder when 51 is divided by i.
12
Let w = 197 - 169. Calculate the remainder when w is divided by 8.
4
Let j be 5 + (-3 - (-1 + 0)). Suppose j*z - 2*p = 6*z - 119, -3*z + 3*p = -114. What is the remainder when z is divided by 21?
18
Let x = 57 - -49. Calculate the remainder when x is divided by (45/(-10))/(1/(-6)).
25
Let h = -44 - -91. Suppose 5*o - 38 = h. What is the remainder when 49 is divided by o?
15
Let m(v) = v + 13. What is the remainder when 1 - -10 - 0/4 is divided by m(-6)?
4
Let d = 47 - -27. Suppose 3*m = m + d. Calculate the remainder when m is divided by (-19)/(1*-4 + 3).
18
Let u be 2/2*(8 + 0). What is the remainder when 2/u + (-86)/(-8) is divided by 24/14*14/4?
5
Let r(o) = o**2 + 5*o - 6. Let z be r(-6). Suppose -2*x = 5*d, 3*d - 5*x - 31 = -z*d. What is the remainder when 4 is divided by d?
0
Let y(b) = -b**3 + 9*b**2 + 12*b + 6. Suppose 9 = x - 19. Let h = x - 14. What is the remainder when y(10) is divided by h?
12
Suppose -2*r = 6*r - 128. What is the remainder when ((-1)/2 - 0)*-154 is divided by r?
13
Let h = -29 + 69. Calculate the remainder when h is divided by 11.
7
Suppose -5*j + 629 - 132 = -a, j - 93 = -3*a. Suppose 3*x - j = -0*x. What is the remainder when x is divided by 18?
15
Suppose 0 = -5*i + 15, 0 = 2*d + i - 2*i - 53. What is the remainder when d is divided by 15?
13
Let w(k) = -56*k - 2. What is the remainder when w(-1) is divided by 11?
10
Let r(q) = -q**3 - 15*q**2 - 14*q + 17. Calculate the remainder when 20 is divided by r(-14).
3
Let z(t) = t**2 + t - 5. Suppose -5*v + 3 = 2*w, 2*w + 3*v = 4*w + 21. Calculate the remainder when z(w) is divided by 14.
11
Let q = -6 + 9. Suppose -19 = -2*j + 2*u + u, -q*j + 5*u + 31 = 0. Suppose -v + j*s = -13 - 7, -2*v = 2*s - 10. What is the remainder when v is divided by 4?
2
Let w be 2/(-4) + 44/(-8). Let v(p) = p**2 + 4*p - 5. What is the remainder when 13 is divided by v(w)?
6
Let w(h) = h - 2. Let r be w(7). Suppose -3*n = -r*o - 76, 0*n - n + 32 = -3*o. Let s = 24 - n. What is the remainder when s is divided by 4?
3
Suppose -2*f + 24 = 2*f. Let m be (f/15)/((-2)/(-150)). Suppose 4*j + m = 2*l - 16, -2*j + 3 = l. Calculate the remainder when l is divided by 7.
6
Let s(b) = b - 6. Let k be s(9). Let r be 1*(-2 - (-3 + 1)). Suppose r = k*u - 4*u + 14. What is the remainder when u is divided by 4?
2
Let i = 7 + -3. Suppose 25 = -x - i*x. Let w = 30 + x. What is the remainder when w is divided by 9?
7
Let b(v) = -3*v - 14. Let u(p) = -p - 5. Let h(l) = 3*b(l) - 8*u(l). Let r(d) = -d - 4. Let a be r(7). What is the remainder when 17 is divided by h(a)?
8
Let q be (8/12)/((-2)/(-12)). Suppose -6*z = -q*z. What is the remainder when 38 is divided by 20/(z/1 - -1)?
18
Suppose c - 124 = -3*c. What is the remainder when c is divided by 11?
9
Let i = -1 - -1. Suppose i*j - 9 = 3*j. What is the remainder when (76/10)/(j/(-15)) is divided by 13?
12
Suppose 2*n = -2*l + l, n + 5*l = -18. Calculate the remainder when (2*-1*1)/(-1) is divided by n.
0
Suppose -3*s + 25 = -2*s. Calculate the remainder when 49 is divided by s.
24
Calculate the remainder when 84 - (0 - 6/(-3)) is divided by 21.
19
Let a(x) = -x**3 - 7*x**2 + 3*x + 7. Let z be a(-7). Calculate the remainder when 21/2 - 7/z is divided by 7.
4
Let m(u) = u**2 + 3*u + 8. Let p(y) = y - 1. Let w(t) = m(t) + 3*p(t). Calculate the remainder when 19 is divided by w(-6).
4
Let a(y) = 1 + y**2 - 4*y**3 - 4*y**3 + 0*y**3 + 2*y + 3*y**3. Let z be a(-1). Suppose -2 = -z*w + 23. What is the remainder when 8 is divided by w?
3
Let m(w) = 3*w**2 + 15*w - 5. Let b(g) = g**2 + 7*g - 3. Let k(l) = -5*b(l) + 2*m(l). What is the remainder when 32 is divided by k(6)?
10
Let t(a) = 3*a**2 + 4*a - 5. Let s = 3 + -1. What is the remainder when t(1) is divided by s?
0
Calculate the remainder when (2 - -1)*222/18 is divided by 19.
18
Suppose -10*x = -4 - 86. Calculate the remainder when x is divided by 4/(1 - -1) - -3.
4
What is the remainder when 8 is divided by (2 - 0)/(14/35)?
3
Let g be (19/(-1))/((-1)/(-2)). Let v = 18 + g. Let a = v + 84. Calculate the remainder when a is divided by 22.
20
Suppose 3*i = -2*i. Let j = 1 + 1. Suppose -j = -2*l - i. Calculate the remainder when l is divided by 1.
0
Let j(a) = -6 + 2 - a + 8*a + 2*a. What is the remainder when j(3) is divided by 8?
7
Let m = -97 - -206. Let t be 3/6 + m/2. Suppose -4*u - u = -t. What is the remainder when 19 is divided by u?
8
Let q = -20 + 48. Let v(i) = i**2 + 3*i + 6. What is the remainder when q is divided by v(-4)?
8
What is the remainder when 21 is divided by 1*(-3 - -1) + 8?
3
Calculate the remainder when 33 is divided by (63/3 - 3) + 2.
13
Let l = -93 + 128. Let h = 33 - -8. Let d = -23 + h. What is the remainder when l is divided by d?
17
Suppose 5*t + 2*f = -0*f + 119, -50 = -2*t - 2*f. Let w(h) = h**2 - 14*h + 13. What is the remainder when t is divided by w(14)?
10
Calculate the remainder when -1*(-20 + 1 + -4) is divided by 6.
5
Suppose -3*i + 267 = 3*h, -4*h + h = -4*i + 384. Suppose 5 = 5*x + 2*v - 94, 4*x - 3*v - i = 0. Calculate the remainder when 41 is divided by x.
20
Let u = -10 - -25. Let d(w) = 37*w - 6. Let q be d(6). Suppose -q = -5*y + b, -2*y = -0*y + 3*b - 100. What is the remainder when y is divided by u?
14
Let c = -10 + 5. Let i = -2 - c. Suppose -t - 74 = -i*t. What is the remainder when t is divided by 13?
11
What is the remainder when 5/((-15)/6) - -7 is divided by (2/(-4))/(10/(-60))?
2
Let n be -7*((-4)/7 + -2). Calculate the remainder when 9 is divided by 1/(n/(-10) - -2).
4
Let h(j) be the first derivative of -j**2/2 + 5*j + 2. Calculate the remainder when 31 is divided by h(-6).
9
Let o(d) = d**2 - 14*d + 22. Let r = -46 + 143. Suppose 0 = -5*i, -r = -5*s + 5*i + 28. Calculate the remainder when s is divided by o(13).
7
Let u = 292 - 290. Calculate the remainder when 2 + 0 - 18/(-2) is divided by u.
1
Suppose 0 = -2*w + v - 686, -2*v = w - 3*v + 341. Calculate the remainder when 4/(-14) - w/7 is divided by 13/2*(5 - 3).
10
Suppose 2*g + 2 = 0, -3*n + 4*n = 2*g + 1. Suppose 2*i + i - 9 = 0. Let l = i - n. What is the remainder when 6 is divided by l?
2
Let b = 149 + -126. What is the remainder when b is divided by 13?
10
Let t(q) = 2*q + 1. Let p be t(1). What is the remainder when 17 - (2 - 3)*2 is divided by 5/((-45)/(-33))*p?
8
Let z be 1 + 1 + 0 + -1. Let c = z + 6. Suppose 0 = 5*i + 4*r + 2, 5*i + 5*r + 5 = -0*r. What is the remainder when c is divided by i?
1
Let z be 6/21 - (-2)/(-7). Let f(n) = z*n + 4*n - 2*n. Calculate the remainder when 37 is divided by f(5).
7
Suppose 0*i - 3*o + 47 = 2*i, i - 29 = 4*o. Suppose -2*t + 4*d + 35 + i = 0, 0 = -2*t + 3*d + 56. Calculate the remainder when t is divided by 12.
10
What is the remainder when 147 is divided by 1636/44 - (-8)/(-44)?
36
Let s(p) = 4*p + 3. What is the remainder when 32 is divided by s(2)?
10
Let t = 0 - -3. Suppose -t*p + 9 = -3*v, 3*p - 6*p + 9 = -2*v. Calculate the remainder when 31 - (v + -3) - -2 is divided by 19.
17
Suppose 0 = 5*z + 5*q - 1 - 29, -40 = -5*z - 3*q.